2
Calculate 13 + (22 - 26) - -2.
11
What is 20 - -3 - (35 - 52 - -14)?
26
-9 + 28 + -24 - (-17 - -1)
11
Calculate -11 + (9 - (18 + -15)).
-5
(-8 - (9 - 4)) + -1 + -2 - 5
-21
Calculate 309 + -305 - (0 + -15).
19
Evaluate 19 - (9 + (9 - 13)).
14
Calculate -2 + (0 + -11 - (270 - 244)).
-39
-33 + (1 - -4) - -22
-6
-2 + (12 - 9) + -12 - 0
-11
Evaluate -18 + (4 - (6 + -4) - 4 - -6).
-14
Evaluate 12 + (15 - 41 - -4) + -6.
-16
-24 - (-34 + 24 + -6)
-8
What is the value of -17 + (-11 - -40) + -16?
-4
Evaluate (251 - 254) + 3 + -1 + 1.
0
Evaluate -7 + -2 + 6 + (-31 - -16 - -20).
2
What is (-1 - -5) + -118 + 118 - 16?
-12
-14 - (-51 - (30 - 49))
18
Calculate (1 - 2) + 0 + -1 - (-4 + 7).
-5
Calculate (28 - 8) + -10 + -3 - -10.
17
Calculate (-4 - (-4 + 2 + -7)) + (2 - 0).
7
Calculate 2 - ((4 - (9 - 11)) + -20).
16
Calculate -5 + -1 + -55 + 49.
-12
What is the value of (5 - 6) + (-1 - -32) - (-167 - -167)?
30
1 + (41 + -42 - (17 - 4))
-13
9 + (2 - 6) + -3 - (3 + 1)
-2
-24 + 15 + 10 + 7
8
Calculate -20 - -20 - (7 + 6 + -2 + -3).
-8
What is 17 + 13 + -18 + 3 + 5?
20
What is 4 - (6 + -6 + (3 - (5 + -9)))?
-3
What is -9 + 1 - (-3 + (13 - 6)) - 5?
-17
14 + 3 - (-71 - -106)
-18
What is -16 + 15 + -30 + 17?
-14
-19 - (-4 - -2) - (-13 - -5)
-9
Calculate (-30 - (-32 - -5)) + -2.
-5
Calculate 40 + -20 + (5 - 15).
10
225 + -238 + -2 + 3
-12
Evaluate -8 + 9 + 2 + -2 + -4.
-3
What is the value of (-2 - -1) + 26 - (123 + -106)?
8
13 - (-12 - (-30 + 10))
5
Calculate -26 + -22 - (2 - 26).
-24
What is 0 + 3 - -1 - (12 + -9 + 9)?
-8
What is the value of 0 + -2 - (-5 - (-19 - -26))?
10
16 - (17 + -17 + 14)
2
Evaluate 7 + 1 + -11 + 27 + -22 - 5.
-3
Calculate -8 - 2 - (14 - (-24 - -50)) - 27.
-25
What is the value of (-6 - -2 - -18) + (2 - 11) + 9?
14
Calculate (-6 - -1) + -24 + 10 + (0 - 0).
-19
Evaluate -14 - -11 - -27 - 25.
-1
Calculate 10 - (0 + 7 - (57 - 49)).
11
-13 - (5 - -7 - (4 - -19))
-2
Calculate 64 + (-56 - 5) + 3 + -2 + 16.
20
Calculate (-3 - (10 + -24)) + -7 + 1.
5
-21 + 46 + -16 + -1
8
What is 6 + (-11 - (-8 - 0)) - -5?
8
Calculate -551 + 552 - (-1 + 35 - (3 + -2)).
-32
Calculate -21 + (4 - -1) - (-18 + 4).
-2
(-1 - -8 - 7) + 2 - (14 - 10)
-2
(3 - 2) + (0 + 9 - (-66 - -77))
-1
What is the value of -10 - (-9 + (29 - 15))?
-15
(2 - (-26 + 18)) + (0 - 24) + 2
-12
Calculate 58 + -17 - -6 - 33.
14
Evaluate (-3 + 4 - 10 - (53 + -59)) + 6.
3
What is the value of -1 + -3 - (41 + 0 + -14)?
-31
Evaluate (22 - 21) + -5 + -11.
-15
What is the value of 26 + 1 - (-101 + 114)?
14
What is the value of 2 + -3 + 10 - 1 - (50 + -52)?
10
What is -13 + 47 - (5 + 10)?
19
What is the value of (-10 - -19 - 11) + (-5 - -5 - -20)?
18
What is the value of (6 - 6 - 11) + 7?
-4
What is the value of (-94 - -70) + -4 + 14?
-14
9 - (5 + 12 + -17 - -5)
4
Calculate (25 + -4 - 0) + -1.
20
What is the value of (33 - 1) + (420 - 471)?
-19
What is the value of 4 + 0 - (0 - -9) - (4 + -5)?
-4
Evaluate 0 - (-1 + -2) - ((0 - -9) + -17).
11
Evaluate -7 + 2 + 7 - ((0 - 1) + -1).
4
Calculate (3 - 3) + -16 + (24 - (-6 + 24)).
-10
Evaluate -181 + 152 - ((-4 - 10) + -2).
-13
Calculate (-9 - (-11 + -1)) + 10.
13
What is 12 + 2 + -26 - -14?
2
9 + -4 + 3 + (9 - 15)
2
What is -1 - -1 - (69 - 46) - -4?
-19
What is 32 - 3 - 27 - (-39 + 0 + 3)?
38
Calculate 37 - (32 + -2 + -5).
12
Evaluate -3 + -1 + -4 + 12 - 28.
-24
Calculate (-17 + 3 - -4) + (26 + 6 - -2).
24
What is -4 - (-18 - (4 + 3) - (1 - 4))?
18
-1 + (13 - (7 + 0 - 1))
6
What is the value of 1 - -5 - (-76 + (168 - 101))?
15
What is the value of (3 - 4 - 16) + 18 + 0 + -15?
-14
(43 - 38) + (0 - 4) + 13
14
What is -24 - 6 - -28 - (14 + -2)?
-14
Evaluate -8 - (2 - (0 - -1)) - (403 - 403).
-9
(6 - (13 + 1)) + 2
-6
9 - (7 - -9) - -9 - -2
4
Calculate -13 + -1 + 41 + -13 + 6.
20
(8 - 3) + 27 + -43
-11
Calculate 4 - (4 + 1 + (204 - 204)).
-1
Calculate (-7 - -20 - 6) + -2 + 2.
7
Evaluate -30 - (-2 + (-1 - -6 - 10 - 0)).
-23
What is -4 + 24 - (4 + 18)?
-2
What is -6 + 4 - (6 + (-3 - 2) - 6)?
3
What is the value of 12 - (38 - (21 + 1))?
-4
What is the value of 2 + -9 - (-18 + 9)?
2
What is the value of -6 + (0 - 4) + (15 + -4 - 11)?
-10
Evaluate -18 + (8 - -4) + -1 + -14.
-21
What is the value of 2 + -3 + 7 + -8 + -9 + 3?
-8
What is 5 + -1 - (-18 - (11 - 9))?
24
What is the value of -18 - (0 - -4 - (-6 - -14) - 4)?
-10
(-4 - -17) + -42 + 32
3
What is the value of 10 + (4 - (10 + -5 - -2)) + 2?
9
What is the value of (-1 - 4 - -18) + -7?
6
11 + (-1 + 5 - 2 - 10)
3
(9 - 2 - 13 - -1) + 12
7
What is the value of -1 - (-15 + 9) - 10?
-5
((-2 - -6) + -7 - 3) + (1 - -4)
-1
-20 - (16 - 33) - -12
9
What is (21 - 1) + -14 + (-9 - (-6 - 15))?
18
What is the value of 11 + -6 + -7 + 14?
12
What is (2 - 0) + (13 + -26 - -22 - 12)?
-1
Evaluate -36 + 12 - (-66 - -57).
-15
What is 26 - (5 + -9) - (-29 + 8 + 26)?
25
What is -5 - -6 - 8 - (-21 + -4 + -1)?
19
Calculate 32 + -28 + 4 - (-14 - 3).
25
Calculate 15 + (6 - (-6 + 23)).
4
What is the value of 7 - (-4 + 6) - -6?
11
What is the value of 15 + (0 - -13) + 0 + -10?
18
What is (-22 + 7 - (6 - 12)) + (-3 - 1)?
-13
46 - (-27 - -28 - -20)
25
Calculate -497 + 508 - (3 - (-32 + (-3 - -5))).
-22
8 + 7 + -1 + -19
-5
Evaluate 6 + 9 + -7 - 2 - -1.
7
23 + (-20 - -11) + (1 - (-15 + 4))
26
What is the value of -36 - (0 + -1 - (42 - (26 + 10)))?
-29
Calculate 462 + -461 - (-1 - -14).
-12
5 + (-15 - -4 - -13) - 14
-7
What is -17 + (35 + -15 - 5)?
-2
Calculate 2 - (9 - (8 - (-4 - 4))) - 2.
7
What is (-2 - -3 - -7) + (-2036 - -2003)?
-25
Calculate -1 + 9 - 7 - 9 - 5.
-13
What is -101 - -100 - (-2 + 1 + -2 + 12)?
-10
What is the value of 10 + (-1 - 3 - (28 + -31))?
9
What is -25 + (-21 - -50) + (-1 - (-6 - -1))?
8
What is -3 - 2 - ((7 - 5) + -11)?
4
Calculate 16 + -71 + 30 - -8.
-17
What is (6 - 7) + 5 + -18?
-14
(-291 - -289) + (2 - (13 - 2))
-11
What is the value of -13 - ((9 - (8 + 10)) + 13)?
-17
What is the value of 1 + (1 - (4 - 15)) + -10?
3
Calculate (-3 - -4 - -11) + -6.
6
-1 - 35 - (173 + -192)
-17
Calculate (-5 - (-5 - -5)) + 0 - (34 + -64).
25
What is 574 + -567 - (20 - (-2 + 1))?
-14
What is the value of (26 - 3) + 0 + -2 + -4?
17
Calculate 18 + -40 + (3 - (6 - -8)).
-33
Calculate -10 - (15 - (35 - 12) - 3).
1
Calculate 1 + 7 + -7 + 4 - (-11 + 6).
10
(-8 - (-11 + 13)) + 38 + 1 + -1
28
Calculate 13 - 27 - (-10 - -3) - (-2 - 26).
21
What is the value of (10 - (-25 - -9)) + -36?
-10
Calculate -56 + 20 + 15 - (-15 - 1).
-5
(-13 + 23 - 10) + 13
13
Evaluate 5 + 3 - (5 + 18 + -20).
5
Calculate 135 - 124 - (18 + -1) - (0 - 5).
-1
What is -6 + 46 - (-8 + 11 - (1 - 3))?
35
Calculate 6 + -57 + 7 + 7 - -7 - -3.
-27
What is -26 + 10 + -1 - 0?
-17
Evaluate -2608 + 2562 + -1 + 46.
-1
Evaluate (-16 - (-20 - -4)) + 6.
6
(7 - -12) + -19 + (-1 - (-2 + -5))
6
What is the value of 31 - (18 + (20 + -17 - 7))?
17
What is the value of 3 + 17 + (6 + -11 - 1) - -3?
17
Calculate 9 - (3 + (13 - 4 - 10)).
7
Evaluate (-3 - -18) + (-20 - -4) + 3 + -1.
1
Evaluate 8 - (-17 - (-9 + 4) - (-7 + -2)).
11
(2 - -5 - 3) + -6 + -2
-4
Evaluate 80 + -79 + (-21 - -10 - (-1 + 2)).
-11
What is 1 + 6 - (22 - (5 + 10 - 9))?
-9
Calculate 36 + -15 - (10 - -15).
-4
What is the value of 24 - ((-1 - 5 - -7) + 3 + -4)?
24
What is 23 + -27 - ((7 + 0 - 4) + -27)?
20
What is -81 + 88 + (3 - 15) + 1?
-4
What is 6 + -2 + (1 - (-5 + 10 - 8))?
8
Evaluate 0 - -5 - (-11 - (-6 + -3)).
7
Evaluate (-11 - 7) + 7 + 6.
-5
(-1 - 0 - -13 - (-7 - -2)) + -4
13
What is -3 - (-20 + -1 + 3)?
15
Calculate -103 + 116 - (9 + 2) - 7.
-5
Evaluate 219 + -201 + 2 + -23.
-3
What is -9 + -25 + 8 + 47?
21
Evaluate -1 - (23 + 2 + -14).
-12
What is the value of 3 + (-6 - 1) + (3 - -1) - -3?
3
Evaluate -9 - (15 - 6) - -2.
-16
-14 - (42 + -33 - 13)
-10
Calculate -5 + 24 + -5 + (-63 - -57).
8
Evaluate -5 + -20 + (1 - -26) + 12 + 1.
15
What is 15 - (16 + (-1 - (2 - -4)) - 5)?
11
(-1 - 3) + (14 + -11 - -2)
1
(8 - 1) + -3 + (-12 + 22 - 9)
5
Calculate -40 + 39 - (8 + -31).
22
Calculate -50 + (65 - 43 - -8).
-20
Evaluate -21 - 4 - (-176 - -122).
29
What is the value of -18 - ((8 - (-5 + 9) - 6) + -4)?
-12
Evaluate 20 - (19 + -2 + 16 + -2).
-11
-19 + (31 + -11 - 32)
-31
Evaluate -3 - -2 - (-15 + (-7 - -9)).
12
Calculate -2 + (-2 - 1) + (-16 - -5 - -27).
11
What is the value of 9 - (-14 - -9) - -12?
26
Evaluate 14 - (16 + -2 - 12)